0*m - 524. Calculate the remainder when y(-37) is divided by 728/20 - 18/(-30).
31
Let l(a) = -28*a - 7. Let x = -11 - -19. Suppose 5*u + 7 = -x. Calculate the remainder when l(u) is divided by 20.
17
Suppose 5*c - 23 = y, 3*y + 5 = -16*c + 15*c. What is the remainder when 86 is divided by c?
2
Let f(h) = 4 - 6*h + 4*h + 64*h - 5. Let l be f(1). Suppose -46 = -4*r - 2*u + 3*u, 3*u = 5*r - l. What is the remainder when 43 is divided by r?
10
Let t(l) = 9*l**2 - 3*l**3 - 24 + 3*l + 2*l**3 + 0*l**3 + 6*l**2. Calculate the remainder when t(15) is divided by -1 + 2 + -3 + 10.
5
Let s = -14807 - -18643. What is the remainder when s is divided by 64?
60
Let m = -16487 + 16491. What is the remainder when 5038 is divided by m?
2
Let z = -7 - -36. Calculate the remainder when (10 + 0)*(-390)/(-75) is divided by -2 + z + 6/2.
22
Suppose 32*p = 58*p - 9*p - 612. Let g(u) = u**2 - 3*u + 3. Calculate the remainder when p is divided by g(5).
10
Let s(r) = 3*r**2 + 107*r - 1288. Suppose 0 = -4*i + 36 + 8. Calculate the remainder when s(10) is divided by i.
5
Let p = 9478 + -9450. Calculate the remainder when 348 is divided by p.
12
Calculate the remainder when -4411*(-10 - (-981)/99) is divided by 85.
61
Let z = 9935 - 9184. Calculate the remainder when z is divided by 47.
46
Suppose -23 = -13*t + 12*t. Let k = t + -9. Let h = 25 - k. What is the remainder when 30 is divided by h?
8
Let u be 0 - (1 - 0)/1. Let n(c) = -9*c**3 + c. Let z = -224842 - -224888. Calculate the remainder when z is divided by n(u).
6
Let g be 2/(-6) - 212/(-6). Let c(h) = -20*h - 3 + g*h - 13. What is the remainder when c(5) is divided by 30?
29
Suppose 3*d - 70 = d. Suppose 37*x = 11*x + 19396. Let w = x + -740. What is the remainder when d is divided by w?
5
Let j(g) = -g**3 - 2*g**2 + g + 1. Let q be j(0). Suppose m - q - 2 = 0. Suppose -m = -t + 6. What is the remainder when t is divided by 2?
1
Suppose -5*t - 3*g = 8832, 405 - 3945 = 2*t + 3*g. Let c be ((t/35)/(-6))/(3/20). Suppose 0 = 8*i - 4*i - c. Calculate the remainder when 39 is divided by i.
11
Suppose -12*d + 809 = 725. Suppose -5*s + 195 = 25. Calculate the remainder when s is divided by d.
6
Suppose 5*s - 1060 = -5*n, 3*s - 2*n - 348 = 313. Calculate the remainder when s is divided by 1600/22 + (-54)/(-198).
71
Let x(i) = -6*i + 171. Let v be 21 - (3 - (14 + -8)). Calculate the remainder when 66 is divided by x(v).
12
Let j(b) = b**3 + 8*b**2 + 11*b + 5. Let q be j(-5). Suppose -5*u + q = 0, -5*n + 93 = 4*u - 37. Calculate the remainder when 107 is divided by n.
19
Let u(a) = -35*a + 21 + 171 - 38*a + 71*a. Calculate the remainder when u(19) is divided by 53.
48
Suppose 2*r = -10, -145 = -v - 3*r + 2*r. Suppose 13*s - 8*s = v. Let o(i) = 56*i**2 - 7*i + 7. Calculate the remainder when o(1) is divided by s.
26
Let v(c) = c**3 - 6*c**2 + 8. Let i be (0 + -101)/(73/(-1095)). Let u = -1495 + i. Calculate the remainder when u is divided by v(6).
4
Let p be (-378)/49 + 4/(-14). What is the remainder when 42 is divided by (p - -5)*(-124)/12?
11
Suppose 2*u - 2*v = 0, -10*v + 4 = -3*u - 6*v. Let k(s) = 9*s - 28. Calculate the remainder when k(9) is divided by ((-360)/(-96))/(1/u).
8
Let q = -21 - -28. Let u be 8*(4 + q/(-2)). Suppose 0 = 4*v - 5*v - 3, u*h - 13 = 3*v. Calculate the remainder when 3 is divided by h.
0
Let b(v) = 19*v - 169. Let f(k) = -17*k + 171. Let l(y) = -6*b(y) - 7*f(y). Let q(u) = 3*u. Calculate the remainder when q(4) is divided by l(38).
5
Suppose 2*a = 99 + 5. Calculate the remainder when 52 is divided by a.
0
Let m be 178/12 - (-61)/366. Let d be -3 + 4 - (0 - -57). Calculate the remainder when 17 is divided by m*-1*(4 + d/12).
7
Let d = -64 + 65. Suppose -4*f - 45 = -7*f. What is the remainder when f is divided by (-1*d)/((6 + -4)/(-10))?
0
Suppose 0 = 268*n - 115766 - 26542. What is the remainder when n is divided by 479?
52
Let b(k) = -10*k - 130. Let g be b(-13). Calculate the remainder when 2926/22 - (-1 + g) is divided by 70.
64
Suppose -5*q - 5*h = -890, 11*h + 768 = 4*q + 7*h. What is the remainder when 418 is divided by q?
48
Let g = -37618 - -43647. Calculate the remainder when g is divided by 116.
113
Suppose 0 = -52*n + 4611 - 1231. Let p(q) = 3*q**2 - 2*q - 5. Calculate the remainder when p(7) is divided by n.
63
Suppose 160 = 5*k - 5*c, -5*k - 8*c + 7*c = -166. Suppose 0 = -3*b - 7*b + 50. Calculate the remainder when k is divided by b.
3
Let b = -6301 - -6336. Suppose 4*p = -0*g - 2*g + 616, g + 3*p = 306. Calculate the remainder when g is divided by b.
32
Let r = 5675 + -5562. What is the remainder when r is divided by 2?
1
Suppose 4*r + 4*j = 4388, -j - 255 = -r + 846. Suppose -r = -4*y - 2*i + i, 265 = y - 3*i. Calculate the remainder when y is divided by 23.
21
Calculate the remainder when 13 - 5*(-17 + -408) is divided by 102.
98
Calculate the remainder when -1 + (-1)/(-4) + ((-10910)/(-40) - -13) is divided by 16.
13
Let g(k) = k**2 + 7*k + 14. Let n be g(-5). Suppose 0*a - 14 = -5*a + 3*f, -4*f - n = -3*a. Calculate the remainder when a is divided by (-11)/(-4) - (-1)/4.
1
Let v = 4744 - 4351. What is the remainder when v is divided by 20?
13
Let s = 25339 + -25322. Let a(y) = -24*y + 5. What is the remainder when a(-4) is divided by s?
16
What is the remainder when 579 is divided by (2 + -7)*(-6)/(-6)*-4?
19
Let j(l) = -l + 30. What is the remainder when (-28)/(-224)*2672 - (7 + 0) is divided by j(0)?
27
Suppose -72*f + 108*f - 12616 = -130*f. What is the remainder when 462 is divided by f?
6
Let p = 13520 - 13491. What is the remainder when 1420 is divided by p?
28
Let t = -3277 - -3415. Calculate the remainder when 434 is divided by t.
20
Let y = -1546 - -2699. Suppose -409 = 8*t - y. Calculate the remainder when t is divided by (2 - 1) + 22 + 1.
21
Calculate the remainder when ((-21096)/(-10))/((9/40)/(354/472)) is divided by 34.
28
Let u = 13 - -66. What is the remainder when (-150 + 1 - -8)*50/(-30) is divided by u?
77
Suppose -2 = m + 5*k + 2, -4*k - 38 = -5*m. Suppose m*u + 33 = 9*u. Suppose 0 = -6*q + u*q - 215. What is the remainder when q is divided by 11?
10
Suppose 93*d - 90*d = 3*c - 30, 0 = 2*c + 5*d - 41. Calculate the remainder when 320 is divided by c.
8
Let r(u) = -77*u + 316. Calculate the remainder when 653 is divided by r(4).
5
Let m(u) = -5*u**3 + 3*u + 3. Let i(w) = 2*w**3 - 25*w**2 + 14*w + 47. Calculate the remainder when i(12) is divided by m(-2).
34
Let y(h) = 3*h + 42. Let d = 24 - 10. Calculate the remainder when y(d) is divided by 4/22 - 2853/(-99).
26
Let c = -15019 - -15048. Calculate the remainder when 1622 is divided by c.
27
Let i = 87 + -35. Let h(k) = k**3 - 20*k**2 - 28*k + 24. Let a be h(21). Let t = -21 - a. What is the remainder when t is divided by i?
50
Let d be -3 + 15*(-1 + 8/12). Let g be (12/d - 1)*2*-1. Suppose -g*n + 180 = 5*n. What is the remainder when 106 is divided by n?
16
Suppose 5*p + 3*p = 144. Suppose -f - 4 = 5*l, l = -4*f + 4 + p. Let h(a) = a**3 - 9*a**2 + 16*a + 7. Calculate the remainder when h(7) is divided by f.
3
Let y be ((-1)/(-6) - (-5)/15)*12. Suppose 0 = 4*k - 142 + 94. What is the remainder when 1/2*y*(14 + -3) is divided by k?
9
Let d be (-31 + 28)/(6/(-10)). Let g(o) = o**2 - 12*o + 49. Calculate the remainder when 36 is divided by g(d).
8
Suppose -2*m + g + 14 - 1 = 0, 0 = -m + g + 5. Let s = -321 + 360. What is the remainder when 32/m - 1*-73 is divided by s?
38
Suppose -1298 = -90*o + 4732. Calculate the remainder when 387 is divided by o.
52
Let k(i) = -4*i**3 - i**2 + i + 1. Let r be (-1595)/(-15) + 16/(-12). Suppose 3*v - r = 2*v. What is the remainder when v is divided by k(-2)?
24
Let c(l) = l**3 + 47*l**2 - 38*l + 7. Let j be c(-48). Let z = -192 - j. What is the remainder when z is divided by 47?
46
Let f = 21484 + -21045. Calculate the remainder when f is divided by 200.
39
Let a(g) = -3*g**3 + 492*g**2 + 92*g - 1547. What is the remainder when a(164) is divided by 74?
73
Let f be (-1)/6 + 129/18. Suppose -12*o = -f*o + 5170. What is the remainder when 32/(-80) - o/10 is divided by 36?
31
Suppose -2*c - d + 272 = 0, 218*c - 272 = 216*c + 3*d. Calculate the remainder when c is divided by 8.
0
Suppose 851*g = -19*g + 33060. Suppose -3*i = -6*i + s + 332, 2*i = s + 222. What is the remainder w